{"id":1783,"date":"2024-11-29T10:35:11","date_gmt":"2024-11-29T10:35:11","guid":{"rendered":"https:\/\/www.klo.ee\/?page_id=1783"},"modified":"2024-12-26T16:57:13","modified_gmt":"2024-12-26T16:57:13","slug":"kinnitused-ja-raamid","status":"publish","type":"page","link":"https:\/\/www.klo.ee\/?page_id=1783","title":{"rendered":"KINNITUSED ja RAAMID"},"content":{"rendered":"<h1>PLASTIKRAAMID, ALUMIINIUMRAAMID, METALLALUSED, KINNITUSED<\/h1>\n<p>Plastikraamid vahetatava info jaoks. Kerged raamid lihtne kinnitada kleebitavate kinnituste abil siledatele pindadele.<br \/>\nRaamid sobivad ohutusjuhiste, evakuatsiooniplaanide ja info jaoks.<\/p>\n<p>Erinevad v\u00e4rvid ja erinevad suurused. Vaata altpoolt lisainfot.<\/p>\n<p><img loading=\"lazy\" decoding=\"async\" class=\"alignnone wp-image-1788\" src=\"https:\/\/www.klo.ee\/wp-content\/uploads\/2024\/11\/plastraamid.jpg\" alt=\"\" width=\"900\" height=\"479\" srcset=\"https:\/\/www.klo.ee\/wp-content\/uploads\/2024\/11\/plastraamid.jpg 520w, https:\/\/www.klo.ee\/wp-content\/uploads\/2024\/11\/plastraamid-300x160.jpg 300w\" sizes=\"auto, (max-width: 900px) 100vw, 900px\" \/><\/p>\n<p>V\u00e4rvivalik: must, valge, sinine, punane, kollane, roheline, oranz, l\u00e4bipaistev.<br \/>\nRaamidesse sobivad 1mm plastikul m\u00e4rgid v\u00f5i v\u00e4iksematesse raamidesse (A6, A5, A4) kapsellaminaadiga m\u00e4rgid\/info.<br \/>\nRaamidesse saab tellida spetsiaalsed kattekiled, mille vahele saab panna tavalise 80g printeripaberi.<\/p>\n<p>Raamidesse sobivad j\u00e4rgmistes suurustes tr\u00fckised: A6, A5, A4, A3, A2, A1.<br \/>\nRaamid saab seinale kinnitada plastikust kleebitavate raamikinnitustega (vaata pilti).<\/p>\n<p><img loading=\"lazy\" decoding=\"async\" class=\"alignnone wp-image-1787\" src=\"https:\/\/www.klo.ee\/wp-content\/uploads\/2024\/11\/kleebitavraamikinnitus.jpg\" alt=\"\" width=\"900\" height=\"473\" srcset=\"https:\/\/www.klo.ee\/wp-content\/uploads\/2024\/11\/kleebitavraamikinnitus.jpg 520w, https:\/\/www.klo.ee\/wp-content\/uploads\/2024\/11\/kleebitavraamikinnitus-300x158.jpg 300w\" sizes=\"auto, (max-width: 900px) 100vw, 900px\" \/><\/p>\n<p>Eestpoolt avatavad raamid Snappyframe A1 m\u00f5\u00f5dus (841&#215;594 v\u00f5i 594x841mm).<\/p>\n<p><img loading=\"lazy\" decoding=\"async\" class=\"alignnone wp-image-1786\" src=\"https:\/\/www.klo.ee\/wp-content\/uploads\/2024\/11\/snappyframe.png\" alt=\"\" width=\"900\" height=\"340\" srcset=\"https:\/\/www.klo.ee\/wp-content\/uploads\/2024\/11\/snappyframe.png 657w, https:\/\/www.klo.ee\/wp-content\/uploads\/2024\/11\/snappyframe-300x113.png 300w\" sizes=\"auto, (max-width: 900px) 100vw, 900px\" \/><\/p>\n<p>Alumiiniumprofiilist sobivas suuruses raamide valmistamine.<\/p>\n<p><img loading=\"lazy\" decoding=\"async\" class=\"wp-image-1785\" src=\"https:\/\/www.klo.ee\/wp-content\/uploads\/2024\/11\/raamalumiinium.jpg\" alt=\"\" width=\"900\" height=\"496\" srcset=\"https:\/\/www.klo.ee\/wp-content\/uploads\/2024\/11\/raamalumiinium.jpg 657w, https:\/\/www.klo.ee\/wp-content\/uploads\/2024\/11\/raamalumiinium-300x165.jpg 300w\" sizes=\"auto, (max-width: 900px) 100vw, 900px\" \/><\/p>\n<p>Raamid alumiiniumprofiilist<\/p>\n","protected":false},"excerpt":{"rendered":"<p>PLASTIKRAAMID, ALUMIINIUMRAAMID, METALLALUSED, KINNITUSED Plastikraamid vahetatava info jaoks. Kerged raamid lihtne kinnitada kleebitavate kinnituste abil siledatele pindadele. Raamid sobivad ohutusjuhiste, evakuatsiooniplaanide ja info jaoks. Erinevad [&#8230;]<\/p>\n","protected":false},"author":2,"featured_media":0,"parent":0,"menu_order":0,"comment_status":"closed","ping_status":"closed","template":"","meta":{"footnotes":""},"class_list":["post-1783","page","type-page","status-publish","hentry"],"yoast_head":"<!-- This site is optimized with the Yoast SEO plugin v27.4 - https:\/\/yoast.com\/product\/yoast-seo-wordpress\/ -->\n<title>KINNITUSED ja RAAMID - Kolm L\u00f5vi Ohutus<\/title>\n<meta name=\"description\" content=\"KINNITUSED ja RAAMID Kolm L\u00f5vi Ohutus\" \/>\n<meta name=\"robots\" content=\"index, follow, max-snippet:-1, max-image-preview:large, max-video-preview:-1\" \/>\n<link rel=\"canonical\" href=\"https:\/\/www.klo.ee\/?page_id=1783\" \/>\n<meta property=\"og:locale\" content=\"et_EE\" \/>\n<meta property=\"og:type\" content=\"article\" \/>\n<meta property=\"og:title\" content=\"KINNITUSED ja RAAMID - Kolm L\u00f5vi Ohutus\" \/>\n<meta property=\"og:description\" content=\"KINNITUSED ja RAAMID Kolm L\u00f5vi Ohutus\" \/>\n<meta property=\"og:url\" content=\"https:\/\/www.klo.ee\/?page_id=1783\" \/>\n<meta property=\"og:site_name\" content=\"Kolm L\u00f5vi Ohutus\" \/>\n<meta property=\"article:publisher\" content=\"https:\/\/www.facebook.com\/kloprof\" \/>\n<meta property=\"article:modified_time\" content=\"2024-12-26T16:57:13+00:00\" \/>\n<meta property=\"og:image\" content=\"https:\/\/www.klo.ee\/wp-content\/uploads\/2024\/11\/plastraamid.jpg\" \/>\n\t<meta property=\"og:image:width\" content=\"520\" \/>\n\t<meta property=\"og:image:height\" content=\"277\" \/>\n\t<meta property=\"og:image:type\" content=\"image\/jpeg\" \/>\n<meta name=\"twitter:card\" content=\"summary_large_image\" \/>\n<meta name=\"twitter:label1\" content=\"Est. reading time\" \/>\n\t<meta name=\"twitter:data1\" content=\"2 minutit\" \/>\n<script type=\"application\/ld+json\" class=\"yoast-schema-graph\">{\"@context\":\"https:\\\/\\\/schema.org\",\"@graph\":[{\"@type\":\"WebPage\",\"@id\":\"https:\\\/\\\/www.klo.ee\\\/?page_id=1783\",\"url\":\"https:\\\/\\\/www.klo.ee\\\/?page_id=1783\",\"name\":\"KINNITUSED ja RAAMID - Kolm L\u00f5vi Ohutus\",\"isPartOf\":{\"@id\":\"https:\\\/\\\/www.klo.ee\\\/#website\"},\"primaryImageOfPage\":{\"@id\":\"https:\\\/\\\/www.klo.ee\\\/?page_id=1783#primaryimage\"},\"image\":{\"@id\":\"https:\\\/\\\/www.klo.ee\\\/?page_id=1783#primaryimage\"},\"thumbnailUrl\":\"https:\\\/\\\/www.klo.ee\\\/wp-content\\\/uploads\\\/2024\\\/11\\\/plastraamid.jpg\",\"datePublished\":\"2024-11-29T10:35:11+00:00\",\"dateModified\":\"2024-12-26T16:57:13+00:00\",\"description\":\"KINNITUSED ja RAAMID Kolm L\u00f5vi Ohutus\",\"breadcrumb\":{\"@id\":\"https:\\\/\\\/www.klo.ee\\\/?page_id=1783#breadcrumb\"},\"inLanguage\":\"et\",\"potentialAction\":[{\"@type\":\"ReadAction\",\"target\":[\"https:\\\/\\\/www.klo.ee\\\/?page_id=1783\"]}]},{\"@type\":\"ImageObject\",\"inLanguage\":\"et\",\"@id\":\"https:\\\/\\\/www.klo.ee\\\/?page_id=1783#primaryimage\",\"url\":\"https:\\\/\\\/www.klo.ee\\\/wp-content\\\/uploads\\\/2024\\\/11\\\/plastraamid.jpg\",\"contentUrl\":\"https:\\\/\\\/www.klo.ee\\\/wp-content\\\/uploads\\\/2024\\\/11\\\/plastraamid.jpg\",\"width\":520,\"height\":277},{\"@type\":\"BreadcrumbList\",\"@id\":\"https:\\\/\\\/www.klo.ee\\\/?page_id=1783#breadcrumb\",\"itemListElement\":[{\"@type\":\"ListItem\",\"position\":1,\"name\":\"Home\",\"item\":\"https:\\\/\\\/www.klo.ee\\\/\"},{\"@type\":\"ListItem\",\"position\":2,\"name\":\"KINNITUSED ja RAAMID\"}]},{\"@type\":\"WebSite\",\"@id\":\"https:\\\/\\\/www.klo.ee\\\/#website\",\"url\":\"https:\\\/\\\/www.klo.ee\\\/\",\"name\":\"Kolm L\u00f5vi Ohutus\",\"description\":\"Ohutusm\u00e4rkide leht\",\"publisher\":{\"@id\":\"https:\\\/\\\/www.klo.ee\\\/#organization\"},\"potentialAction\":[{\"@type\":\"SearchAction\",\"target\":{\"@type\":\"EntryPoint\",\"urlTemplate\":\"https:\\\/\\\/www.klo.ee\\\/?s={search_term_string}\"},\"query-input\":{\"@type\":\"PropertyValueSpecification\",\"valueRequired\":true,\"valueName\":\"search_term_string\"}}],\"inLanguage\":\"et\"},{\"@type\":\"Organization\",\"@id\":\"https:\\\/\\\/www.klo.ee\\\/#organization\",\"name\":\"Kolm L\u00f5vi Ohutus\",\"url\":\"https:\\\/\\\/www.klo.ee\\\/\",\"logo\":{\"@type\":\"ImageObject\",\"inLanguage\":\"et\",\"@id\":\"https:\\\/\\\/www.klo.ee\\\/#\\\/schema\\\/logo\\\/image\\\/\",\"url\":\"https:\\\/\\\/www.klo.ee\\\/wp-content\\\/uploads\\\/2024\\\/09\\\/ohutusmarkheader.jpg\",\"contentUrl\":\"https:\\\/\\\/www.klo.ee\\\/wp-content\\\/uploads\\\/2024\\\/09\\\/ohutusmarkheader.jpg\",\"width\":863,\"height\":162,\"caption\":\"Kolm L\u00f5vi Ohutus\"},\"image\":{\"@id\":\"https:\\\/\\\/www.klo.ee\\\/#\\\/schema\\\/logo\\\/image\\\/\"},\"sameAs\":[\"https:\\\/\\\/www.facebook.com\\\/kloprof\"]}]}<\/script>\n<!-- \/ Yoast SEO plugin. -->","yoast_head_json":{"title":"KINNITUSED ja RAAMID - Kolm L\u00f5vi Ohutus","description":"KINNITUSED ja RAAMID Kolm L\u00f5vi Ohutus","robots":{"index":"index","follow":"follow","max-snippet":"max-snippet:-1","max-image-preview":"max-image-preview:large","max-video-preview":"max-video-preview:-1"},"canonical":"https:\/\/www.klo.ee\/?page_id=1783","og_locale":"et_EE","og_type":"article","og_title":"KINNITUSED ja RAAMID - Kolm L\u00f5vi Ohutus","og_description":"KINNITUSED ja RAAMID Kolm L\u00f5vi Ohutus","og_url":"https:\/\/www.klo.ee\/?page_id=1783","og_site_name":"Kolm L\u00f5vi Ohutus","article_publisher":"https:\/\/www.facebook.com\/kloprof","article_modified_time":"2024-12-26T16:57:13+00:00","og_image":[{"width":520,"height":277,"url":"https:\/\/www.klo.ee\/wp-content\/uploads\/2024\/11\/plastraamid.jpg","type":"image\/jpeg"}],"twitter_card":"summary_large_image","twitter_misc":{"Est. reading time":"2 minutit"},"schema":{"@context":"https:\/\/schema.org","@graph":[{"@type":"WebPage","@id":"https:\/\/www.klo.ee\/?page_id=1783","url":"https:\/\/www.klo.ee\/?page_id=1783","name":"KINNITUSED ja RAAMID - Kolm L\u00f5vi Ohutus","isPartOf":{"@id":"https:\/\/www.klo.ee\/#website"},"primaryImageOfPage":{"@id":"https:\/\/www.klo.ee\/?page_id=1783#primaryimage"},"image":{"@id":"https:\/\/www.klo.ee\/?page_id=1783#primaryimage"},"thumbnailUrl":"https:\/\/www.klo.ee\/wp-content\/uploads\/2024\/11\/plastraamid.jpg","datePublished":"2024-11-29T10:35:11+00:00","dateModified":"2024-12-26T16:57:13+00:00","description":"KINNITUSED ja RAAMID Kolm L\u00f5vi Ohutus","breadcrumb":{"@id":"https:\/\/www.klo.ee\/?page_id=1783#breadcrumb"},"inLanguage":"et","potentialAction":[{"@type":"ReadAction","target":["https:\/\/www.klo.ee\/?page_id=1783"]}]},{"@type":"ImageObject","inLanguage":"et","@id":"https:\/\/www.klo.ee\/?page_id=1783#primaryimage","url":"https:\/\/www.klo.ee\/wp-content\/uploads\/2024\/11\/plastraamid.jpg","contentUrl":"https:\/\/www.klo.ee\/wp-content\/uploads\/2024\/11\/plastraamid.jpg","width":520,"height":277},{"@type":"BreadcrumbList","@id":"https:\/\/www.klo.ee\/?page_id=1783#breadcrumb","itemListElement":[{"@type":"ListItem","position":1,"name":"Home","item":"https:\/\/www.klo.ee\/"},{"@type":"ListItem","position":2,"name":"KINNITUSED ja RAAMID"}]},{"@type":"WebSite","@id":"https:\/\/www.klo.ee\/#website","url":"https:\/\/www.klo.ee\/","name":"Kolm L\u00f5vi Ohutus","description":"Ohutusm\u00e4rkide leht","publisher":{"@id":"https:\/\/www.klo.ee\/#organization"},"potentialAction":[{"@type":"SearchAction","target":{"@type":"EntryPoint","urlTemplate":"https:\/\/www.klo.ee\/?s={search_term_string}"},"query-input":{"@type":"PropertyValueSpecification","valueRequired":true,"valueName":"search_term_string"}}],"inLanguage":"et"},{"@type":"Organization","@id":"https:\/\/www.klo.ee\/#organization","name":"Kolm L\u00f5vi Ohutus","url":"https:\/\/www.klo.ee\/","logo":{"@type":"ImageObject","inLanguage":"et","@id":"https:\/\/www.klo.ee\/#\/schema\/logo\/image\/","url":"https:\/\/www.klo.ee\/wp-content\/uploads\/2024\/09\/ohutusmarkheader.jpg","contentUrl":"https:\/\/www.klo.ee\/wp-content\/uploads\/2024\/09\/ohutusmarkheader.jpg","width":863,"height":162,"caption":"Kolm L\u00f5vi Ohutus"},"image":{"@id":"https:\/\/www.klo.ee\/#\/schema\/logo\/image\/"},"sameAs":["https:\/\/www.facebook.com\/kloprof"]}]}},"_links":{"self":[{"href":"https:\/\/www.klo.ee\/index.php?rest_route=\/wp\/v2\/pages\/1783","targetHints":{"allow":["GET"]}}],"collection":[{"href":"https:\/\/www.klo.ee\/index.php?rest_route=\/wp\/v2\/pages"}],"about":[{"href":"https:\/\/www.klo.ee\/index.php?rest_route=\/wp\/v2\/types\/page"}],"author":[{"embeddable":true,"href":"https:\/\/www.klo.ee\/index.php?rest_route=\/wp\/v2\/users\/2"}],"replies":[{"embeddable":true,"href":"https:\/\/www.klo.ee\/index.php?rest_route=%2Fwp%2Fv2%2Fcomments&post=1783"}],"version-history":[{"count":6,"href":"https:\/\/www.klo.ee\/index.php?rest_route=\/wp\/v2\/pages\/1783\/revisions"}],"predecessor-version":[{"id":2478,"href":"https:\/\/www.klo.ee\/index.php?rest_route=\/wp\/v2\/pages\/1783\/revisions\/2478"}],"wp:attachment":[{"href":"https:\/\/www.klo.ee\/index.php?rest_route=%2Fwp%2Fv2%2Fmedia&parent=1783"}],"curies":[{"name":"wp","href":"https:\/\/api.w.org\/{rel}","templated":true}]}}