{"id":1923,"date":"2024-11-29T18:19:05","date_gmt":"2024-11-29T18:19:05","guid":{"rendered":"https:\/\/www.klo.ee\/?page_id=1923"},"modified":"2024-12-27T16:13:28","modified_gmt":"2024-12-27T16:13:28","slug":"aadresstahised","status":"publish","type":"page","link":"https:\/\/www.klo.ee\/?page_id=1923","title":{"rendered":"Aadresst\u00e4hised"},"content":{"rendered":"<h1>T\u00e4navanimed, sildid t\u00e4navanimetustega, viidad ja majanumbrid, korterinumbrid, trepikojanumbrid<\/h1>\n<p>Tavaliselt valmistame majanumbrid, t\u00e4navanimesildid valmistatakse korrosiooni- ja ilmastikukindlale komposiitmaterjalile. Veidi soodsam on tellida aadresst\u00e4hised 5mm plastikust, kuid nende vastupidavus piirdub ka 2-3 aastaga olenevalt p\u00e4ikesest ja muudest ilmastiku tingimustest (plastik muutub ilmastiku toimel hapraks).<\/p>\n<p>M\u00e4rgised saab tellida kaitsekilega. T\u00e4navanimetus kui ka maja numbrid saab tellida valgustpeegeldavast materjalist (helkur), et parandada n\u00e4htavust h\u00e4maras ja kehvades ilmastikuoludes. M\u00e4rgise nurkades on augud kinnitamiseks.<\/p>\n<p><img loading=\"lazy\" decoding=\"async\" class=\"alignnone wp-image-1925\" src=\"https:\/\/www.klo.ee\/wp-content\/uploads\/2024\/11\/majanumbrid-tanavanimed.jpg\" alt=\"\" width=\"900\" height=\"1088\" srcset=\"https:\/\/www.klo.ee\/wp-content\/uploads\/2024\/11\/majanumbrid-tanavanimed.jpg 497w, https:\/\/www.klo.ee\/wp-content\/uploads\/2024\/11\/majanumbrid-tanavanimed-248x300.jpg 248w\" sizes=\"auto, (max-width: 900px) 100vw, 900px\" \/><\/p>\n<p>Aadresst\u00e4histe v\u00e4ljan\u00e4gemist ning kasutatavaid v\u00e4rve reguleerib Tallinna Linnavalitsuse m\u00e4\u00e4rus, millega kinnitati <a href=\"https:\/\/www.riigiteataja.ee\/akt\/419042016031?leiaKehtiv\" target=\"_blank\" rel=\"noopener\">Tallinna aadresst\u00e4histe m\u00e4\u00e4rus.<\/a><\/p>\n<p>Suuremate aadresst\u00e4histe k\u00f5rgus on 320mm (suurhoonestus, korruselamud) ja v\u00e4iksem 180mm (v\u00e4ikeelamud)<\/p>\n<p>Nimesildi maksimaalseks pikkkuseks v\u00f5ib sildi 320mm k\u00f5rguse puhul olla 1200mm ja sildi 180mm k\u00f5rguse puhul 900mm. L\u00fchikese, kahe kuni nelja t\u00e4helise ja liigis\u00f5nakasutuseta nime puhul peavad t\u00e4navasildi pikkused olema 320mm k\u00f5rguse puhul 700mm ning 180mm k\u00f5rguse puhul 450mm. Suurema k\u00f5rgusega sildi puhul j\u00e4etakse vaba ruumi (raamjoone siseservast) 100mm ning v\u00e4iksema k\u00f5rgusega sildi puhul 50mm.<\/p>\n","protected":false},"excerpt":{"rendered":"<p>T\u00e4navanimed, sildid t\u00e4navanimetustega, viidad ja majanumbrid, korterinumbrid, trepikojanumbrid Tavaliselt valmistame majanumbrid, t\u00e4navanimesildid valmistatakse korrosiooni- ja ilmastikukindlale komposiitmaterjalile. Veidi soodsam on tellida aadresst\u00e4hised 5mm plastikust, kuid [&#8230;]<\/p>\n","protected":false},"author":2,"featured_media":0,"parent":0,"menu_order":0,"comment_status":"closed","ping_status":"closed","template":"","meta":{"footnotes":""},"class_list":["post-1923","page","type-page","status-publish","hentry"],"yoast_head":"<!-- This site is optimized with the Yoast SEO plugin v27.5 - https:\/\/yoast.com\/product\/yoast-seo-wordpress\/ -->\n<title>Aadresst\u00e4hised - Kolm L\u00f5vi Ohutus<\/title>\n<meta name=\"description\" content=\"Aadresst\u00e4hised Kolm L\u00f5vi Ohutus\" \/>\n<meta name=\"robots\" content=\"index, follow, max-snippet:-1, max-image-preview:large, max-video-preview:-1\" \/>\n<link rel=\"canonical\" href=\"https:\/\/www.klo.ee\/?page_id=1923\" \/>\n<meta property=\"og:locale\" content=\"et_EE\" \/>\n<meta property=\"og:type\" content=\"article\" \/>\n<meta property=\"og:title\" content=\"Aadresst\u00e4hised - Kolm L\u00f5vi Ohutus\" \/>\n<meta property=\"og:description\" content=\"Aadresst\u00e4hised Kolm L\u00f5vi Ohutus\" \/>\n<meta property=\"og:url\" content=\"https:\/\/www.klo.ee\/?page_id=1923\" \/>\n<meta property=\"og:site_name\" content=\"Kolm L\u00f5vi Ohutus\" \/>\n<meta property=\"article:publisher\" content=\"https:\/\/www.facebook.com\/kloprof\" \/>\n<meta property=\"article:modified_time\" content=\"2024-12-27T16:13:28+00:00\" \/>\n<meta property=\"og:image\" content=\"https:\/\/www.klo.ee\/wp-content\/uploads\/2024\/11\/majanumbrid-tanavanimed.jpg\" \/>\n\t<meta property=\"og:image:width\" content=\"497\" \/>\n\t<meta property=\"og:image:height\" content=\"601\" \/>\n\t<meta property=\"og:image:type\" content=\"image\/jpeg\" \/>\n<meta name=\"twitter:card\" content=\"summary_large_image\" \/>\n<meta name=\"twitter:label1\" content=\"Est. reading time\" \/>\n\t<meta name=\"twitter:data1\" content=\"2 minutit\" \/>\n<script type=\"application\/ld+json\" class=\"yoast-schema-graph\">{\"@context\":\"https:\\\/\\\/schema.org\",\"@graph\":[{\"@type\":\"WebPage\",\"@id\":\"https:\\\/\\\/www.klo.ee\\\/?page_id=1923\",\"url\":\"https:\\\/\\\/www.klo.ee\\\/?page_id=1923\",\"name\":\"Aadresst\u00e4hised - Kolm L\u00f5vi Ohutus\",\"isPartOf\":{\"@id\":\"https:\\\/\\\/www.klo.ee\\\/#website\"},\"primaryImageOfPage\":{\"@id\":\"https:\\\/\\\/www.klo.ee\\\/?page_id=1923#primaryimage\"},\"image\":{\"@id\":\"https:\\\/\\\/www.klo.ee\\\/?page_id=1923#primaryimage\"},\"thumbnailUrl\":\"https:\\\/\\\/www.klo.ee\\\/wp-content\\\/uploads\\\/2024\\\/11\\\/majanumbrid-tanavanimed.jpg\",\"datePublished\":\"2024-11-29T18:19:05+00:00\",\"dateModified\":\"2024-12-27T16:13:28+00:00\",\"description\":\"Aadresst\u00e4hised Kolm L\u00f5vi Ohutus\",\"breadcrumb\":{\"@id\":\"https:\\\/\\\/www.klo.ee\\\/?page_id=1923#breadcrumb\"},\"inLanguage\":\"et\",\"potentialAction\":[{\"@type\":\"ReadAction\",\"target\":[\"https:\\\/\\\/www.klo.ee\\\/?page_id=1923\"]}]},{\"@type\":\"ImageObject\",\"inLanguage\":\"et\",\"@id\":\"https:\\\/\\\/www.klo.ee\\\/?page_id=1923#primaryimage\",\"url\":\"https:\\\/\\\/www.klo.ee\\\/wp-content\\\/uploads\\\/2024\\\/11\\\/majanumbrid-tanavanimed.jpg\",\"contentUrl\":\"https:\\\/\\\/www.klo.ee\\\/wp-content\\\/uploads\\\/2024\\\/11\\\/majanumbrid-tanavanimed.jpg\",\"width\":497,\"height\":601},{\"@type\":\"BreadcrumbList\",\"@id\":\"https:\\\/\\\/www.klo.ee\\\/?page_id=1923#breadcrumb\",\"itemListElement\":[{\"@type\":\"ListItem\",\"position\":1,\"name\":\"Home\",\"item\":\"https:\\\/\\\/www.klo.ee\\\/\"},{\"@type\":\"ListItem\",\"position\":2,\"name\":\"Aadresst\u00e4hised\"}]},{\"@type\":\"WebSite\",\"@id\":\"https:\\\/\\\/www.klo.ee\\\/#website\",\"url\":\"https:\\\/\\\/www.klo.ee\\\/\",\"name\":\"Kolm L\u00f5vi Ohutus\",\"description\":\"Ohutusm\u00e4rkide leht\",\"publisher\":{\"@id\":\"https:\\\/\\\/www.klo.ee\\\/#organization\"},\"potentialAction\":[{\"@type\":\"SearchAction\",\"target\":{\"@type\":\"EntryPoint\",\"urlTemplate\":\"https:\\\/\\\/www.klo.ee\\\/?s={search_term_string}\"},\"query-input\":{\"@type\":\"PropertyValueSpecification\",\"valueRequired\":true,\"valueName\":\"search_term_string\"}}],\"inLanguage\":\"et\"},{\"@type\":\"Organization\",\"@id\":\"https:\\\/\\\/www.klo.ee\\\/#organization\",\"name\":\"Kolm L\u00f5vi Ohutus\",\"url\":\"https:\\\/\\\/www.klo.ee\\\/\",\"logo\":{\"@type\":\"ImageObject\",\"inLanguage\":\"et\",\"@id\":\"https:\\\/\\\/www.klo.ee\\\/#\\\/schema\\\/logo\\\/image\\\/\",\"url\":\"https:\\\/\\\/www.klo.ee\\\/wp-content\\\/uploads\\\/2024\\\/09\\\/ohutusmarkheader.jpg\",\"contentUrl\":\"https:\\\/\\\/www.klo.ee\\\/wp-content\\\/uploads\\\/2024\\\/09\\\/ohutusmarkheader.jpg\",\"width\":863,\"height\":162,\"caption\":\"Kolm L\u00f5vi Ohutus\"},\"image\":{\"@id\":\"https:\\\/\\\/www.klo.ee\\\/#\\\/schema\\\/logo\\\/image\\\/\"},\"sameAs\":[\"https:\\\/\\\/www.facebook.com\\\/kloprof\"]}]}<\/script>\n<!-- \/ Yoast SEO plugin. -->","yoast_head_json":{"title":"Aadresst\u00e4hised - Kolm L\u00f5vi Ohutus","description":"Aadresst\u00e4hised Kolm L\u00f5vi Ohutus","robots":{"index":"index","follow":"follow","max-snippet":"max-snippet:-1","max-image-preview":"max-image-preview:large","max-video-preview":"max-video-preview:-1"},"canonical":"https:\/\/www.klo.ee\/?page_id=1923","og_locale":"et_EE","og_type":"article","og_title":"Aadresst\u00e4hised - Kolm L\u00f5vi Ohutus","og_description":"Aadresst\u00e4hised Kolm L\u00f5vi Ohutus","og_url":"https:\/\/www.klo.ee\/?page_id=1923","og_site_name":"Kolm L\u00f5vi Ohutus","article_publisher":"https:\/\/www.facebook.com\/kloprof","article_modified_time":"2024-12-27T16:13:28+00:00","og_image":[{"width":497,"height":601,"url":"https:\/\/www.klo.ee\/wp-content\/uploads\/2024\/11\/majanumbrid-tanavanimed.jpg","type":"image\/jpeg"}],"twitter_card":"summary_large_image","twitter_misc":{"Est. reading time":"2 minutit"},"schema":{"@context":"https:\/\/schema.org","@graph":[{"@type":"WebPage","@id":"https:\/\/www.klo.ee\/?page_id=1923","url":"https:\/\/www.klo.ee\/?page_id=1923","name":"Aadresst\u00e4hised - Kolm L\u00f5vi Ohutus","isPartOf":{"@id":"https:\/\/www.klo.ee\/#website"},"primaryImageOfPage":{"@id":"https:\/\/www.klo.ee\/?page_id=1923#primaryimage"},"image":{"@id":"https:\/\/www.klo.ee\/?page_id=1923#primaryimage"},"thumbnailUrl":"https:\/\/www.klo.ee\/wp-content\/uploads\/2024\/11\/majanumbrid-tanavanimed.jpg","datePublished":"2024-11-29T18:19:05+00:00","dateModified":"2024-12-27T16:13:28+00:00","description":"Aadresst\u00e4hised Kolm L\u00f5vi Ohutus","breadcrumb":{"@id":"https:\/\/www.klo.ee\/?page_id=1923#breadcrumb"},"inLanguage":"et","potentialAction":[{"@type":"ReadAction","target":["https:\/\/www.klo.ee\/?page_id=1923"]}]},{"@type":"ImageObject","inLanguage":"et","@id":"https:\/\/www.klo.ee\/?page_id=1923#primaryimage","url":"https:\/\/www.klo.ee\/wp-content\/uploads\/2024\/11\/majanumbrid-tanavanimed.jpg","contentUrl":"https:\/\/www.klo.ee\/wp-content\/uploads\/2024\/11\/majanumbrid-tanavanimed.jpg","width":497,"height":601},{"@type":"BreadcrumbList","@id":"https:\/\/www.klo.ee\/?page_id=1923#breadcrumb","itemListElement":[{"@type":"ListItem","position":1,"name":"Home","item":"https:\/\/www.klo.ee\/"},{"@type":"ListItem","position":2,"name":"Aadresst\u00e4hised"}]},{"@type":"WebSite","@id":"https:\/\/www.klo.ee\/#website","url":"https:\/\/www.klo.ee\/","name":"Kolm L\u00f5vi Ohutus","description":"Ohutusm\u00e4rkide leht","publisher":{"@id":"https:\/\/www.klo.ee\/#organization"},"potentialAction":[{"@type":"SearchAction","target":{"@type":"EntryPoint","urlTemplate":"https:\/\/www.klo.ee\/?s={search_term_string}"},"query-input":{"@type":"PropertyValueSpecification","valueRequired":true,"valueName":"search_term_string"}}],"inLanguage":"et"},{"@type":"Organization","@id":"https:\/\/www.klo.ee\/#organization","name":"Kolm L\u00f5vi Ohutus","url":"https:\/\/www.klo.ee\/","logo":{"@type":"ImageObject","inLanguage":"et","@id":"https:\/\/www.klo.ee\/#\/schema\/logo\/image\/","url":"https:\/\/www.klo.ee\/wp-content\/uploads\/2024\/09\/ohutusmarkheader.jpg","contentUrl":"https:\/\/www.klo.ee\/wp-content\/uploads\/2024\/09\/ohutusmarkheader.jpg","width":863,"height":162,"caption":"Kolm L\u00f5vi Ohutus"},"image":{"@id":"https:\/\/www.klo.ee\/#\/schema\/logo\/image\/"},"sameAs":["https:\/\/www.facebook.com\/kloprof"]}]}},"_links":{"self":[{"href":"https:\/\/www.klo.ee\/index.php?rest_route=\/wp\/v2\/pages\/1923","targetHints":{"allow":["GET"]}}],"collection":[{"href":"https:\/\/www.klo.ee\/index.php?rest_route=\/wp\/v2\/pages"}],"about":[{"href":"https:\/\/www.klo.ee\/index.php?rest_route=\/wp\/v2\/types\/page"}],"author":[{"embeddable":true,"href":"https:\/\/www.klo.ee\/index.php?rest_route=\/wp\/v2\/users\/2"}],"replies":[{"embeddable":true,"href":"https:\/\/www.klo.ee\/index.php?rest_route=%2Fwp%2Fv2%2Fcomments&post=1923"}],"version-history":[{"count":6,"href":"https:\/\/www.klo.ee\/index.php?rest_route=\/wp\/v2\/pages\/1923\/revisions"}],"predecessor-version":[{"id":2720,"href":"https:\/\/www.klo.ee\/index.php?rest_route=\/wp\/v2\/pages\/1923\/revisions\/2720"}],"wp:attachment":[{"href":"https:\/\/www.klo.ee\/index.php?rest_route=%2Fwp%2Fv2%2Fmedia&parent=1923"}],"curies":[{"name":"wp","href":"https:\/\/api.w.org\/{rel}","templated":true}]}}