{"id":1962,"date":"2024-11-29T18:39:29","date_gmt":"2024-11-29T18:39:29","guid":{"rendered":"https:\/\/www.klo.ee\/?page_id=1962"},"modified":"2024-12-27T16:54:28","modified_gmt":"2024-12-27T16:54:28","slug":"kaitsekile","status":"publish","type":"page","link":"https:\/\/www.klo.ee\/?page_id=1962","title":{"rendered":"Kaitsekile"},"content":{"rendered":"<h1>Miks v\u00f5iks ohutusm\u00e4rgid katta kaitsekilega?<\/h1>\n<p>Allj\u00e4rgnevalt m\u00f5ned argumendid miks v\u00f5iks olla vajalik ohutusm\u00e4rgised kaitsekilega katta ehk lamineerida.<\/p>\n<p><strong>Kaitsekilega ohutusm\u00e4rke on lihtsam ja ohutum paigaldada ning puhastada.<\/strong><br \/>\n<strong>Kaitsekile kaitseb ilmastikust (liiv, pori, lumi) ja puhastusvahenditest tuleneva loomuliku kulumise eest.<\/strong><br \/>\n<strong>Kaitsekile kaitseb ka juhuslike vigastuste eest kleebise pinda.<\/strong><\/p>\n<p><strong>Ohutusm\u00e4rgiste<\/strong> puhul on argumendiks puhastamine (puhastusvahend* sisaldab n\u00e4iteks piiritust, mis lahustab tr\u00fckiv\u00e4rvi) v\u00f5i abrasiivsed osakesed puhastusvahendites. Ilmastikust v\u00f5i t\u00f6\u00f6 spetsiifikast tulenevate osakeste abrasiivne toime m\u00e4rgisele. N\u00e4iteks tolm, liiv, pori ja lumi.<\/p>\n<p><img loading=\"lazy\" decoding=\"async\" class=\"alignnone wp-image-1963\" src=\"https:\/\/www.klo.ee\/wp-content\/uploads\/2024\/11\/kaitsekilegamargis.jpg\" alt=\"\" width=\"900\" height=\"528\" srcset=\"https:\/\/www.klo.ee\/wp-content\/uploads\/2024\/11\/kaitsekilegamargis.jpg 520w, https:\/\/www.klo.ee\/wp-content\/uploads\/2024\/11\/kaitsekilegamargis-300x176.jpg 300w\" sizes=\"auto, (max-width: 900px) 100vw, 900px\" \/><br \/>\nkaitsekilega ohutusm\u00e4rk<\/p>\n<p>Pildil oleval ohutusm\u00e4rgisel on vasakpool kaetud kaitsekilega ja parempool mitte. M\u00f5lemat poolt on t\u00f6\u00f6deldud tehnilise piiritusega. Ja alumist osa lihvimisklotsiga.<\/p>\n<p><strong>S\u00f5idukitele<\/strong> on tr\u00fckitud kleebise lamineerimine v\u00e4ga oluline, sest autokeemi ja aknapesuvahendid sisaldavad etanooli mis lahustavad ja helestavad tr\u00fcki v\u00e4rvi v\u00e4ga tugevalt.<\/p>\n<p><strong>Lamineerimise kilesid on l\u00e4ikiva, poolmati ja matipinnalisi.<\/strong> Tavalistesse oludesse sobib k\u00f5ige paremini l\u00e4ikiv laminaat, sest teda on k\u00f5ige lihtsam hooldada.<br \/>\nMatt ja poolmatt kleebis sobivad sisustusfotodele meeleoluloomiseks.<\/p>\n<p>L\u00e4ikiv laminaat j\u00e4tab v\u00e4rvid s\u00e4ravalt kirkaks. Matt ja poolmatt laminaat \u00fchtlustavad veidi v\u00e4rve ja muudavad toonid pehmemaks.<\/p>\n<p><strong>P\u00f5randat\u00e4histus, -kleebiseid<\/strong> valmistades kasutatakse spetsiaalset p\u00f5randalaminaati mis on tavap\u00e4rasest laminaadist paksem, m\u00e4rjaks saades ei muutu libedaks ja talub k\u00f5ndimist. P\u00f5randalaminaat paigaldatakse \u00fcldjuhul siis kui aluskleebis on juba p\u00f5randale kleebitud ja ta on tr\u00fckisest tavaliselt 2-3 cm suurem. Niisketes oludes soovitame lisaks osta vedel silikooni pliiatsi millega servad \u00fcle &#8220;joonistada&#8221;, et niiskus ei p\u00e4\u00e4seks laminaadi alla.<\/p>\n<p>V\u00e4ga keerulistesse tingimustesse on v\u00f5imalik tellida <strong>eriti tugevat ja vastupidavat laminaati ehk KIVIKAITSE.<\/strong><\/p>\n","protected":false},"excerpt":{"rendered":"<p>Miks v\u00f5iks ohutusm\u00e4rgid katta kaitsekilega? Allj\u00e4rgnevalt m\u00f5ned argumendid miks v\u00f5iks olla vajalik ohutusm\u00e4rgised kaitsekilega katta ehk lamineerida. Kaitsekilega ohutusm\u00e4rke on lihtsam ja ohutum paigaldada ning [&#8230;]<\/p>\n","protected":false},"author":2,"featured_media":0,"parent":0,"menu_order":0,"comment_status":"closed","ping_status":"closed","template":"","meta":{"footnotes":""},"class_list":["post-1962","page","type-page","status-publish","hentry"],"yoast_head":"<!-- This site is optimized with the Yoast SEO plugin v27.5 - https:\/\/yoast.com\/product\/yoast-seo-wordpress\/ -->\n<title>Kaitsekile - Kolm L\u00f5vi Ohutus<\/title>\n<meta name=\"description\" content=\"Kaitsekile Kolm L\u00f5vi Ohutus\" \/>\n<meta name=\"robots\" content=\"index, follow, max-snippet:-1, max-image-preview:large, max-video-preview:-1\" \/>\n<link rel=\"canonical\" href=\"https:\/\/www.klo.ee\/?page_id=1962\" \/>\n<meta property=\"og:locale\" content=\"et_EE\" \/>\n<meta property=\"og:type\" content=\"article\" \/>\n<meta property=\"og:title\" content=\"Kaitsekile - Kolm L\u00f5vi Ohutus\" \/>\n<meta property=\"og:description\" content=\"Kaitsekile Kolm L\u00f5vi Ohutus\" \/>\n<meta property=\"og:url\" content=\"https:\/\/www.klo.ee\/?page_id=1962\" \/>\n<meta property=\"og:site_name\" content=\"Kolm L\u00f5vi Ohutus\" \/>\n<meta property=\"article:publisher\" content=\"https:\/\/www.facebook.com\/kloprof\" \/>\n<meta property=\"article:modified_time\" content=\"2024-12-27T16:54:28+00:00\" \/>\n<meta property=\"og:image\" content=\"https:\/\/www.klo.ee\/wp-content\/uploads\/2024\/11\/kaitsekilegamargis.jpg\" \/>\n\t<meta property=\"og:image:width\" content=\"520\" \/>\n\t<meta property=\"og:image:height\" content=\"305\" \/>\n\t<meta property=\"og:image:type\" content=\"image\/jpeg\" \/>\n<meta name=\"twitter:card\" content=\"summary_large_image\" \/>\n<meta name=\"twitter:label1\" content=\"Est. reading time\" \/>\n\t<meta name=\"twitter:data1\" content=\"2 minutit\" \/>\n<script type=\"application\/ld+json\" class=\"yoast-schema-graph\">{\"@context\":\"https:\\\/\\\/schema.org\",\"@graph\":[{\"@type\":\"WebPage\",\"@id\":\"https:\\\/\\\/www.klo.ee\\\/?page_id=1962\",\"url\":\"https:\\\/\\\/www.klo.ee\\\/?page_id=1962\",\"name\":\"Kaitsekile - Kolm L\u00f5vi Ohutus\",\"isPartOf\":{\"@id\":\"https:\\\/\\\/www.klo.ee\\\/#website\"},\"primaryImageOfPage\":{\"@id\":\"https:\\\/\\\/www.klo.ee\\\/?page_id=1962#primaryimage\"},\"image\":{\"@id\":\"https:\\\/\\\/www.klo.ee\\\/?page_id=1962#primaryimage\"},\"thumbnailUrl\":\"https:\\\/\\\/www.klo.ee\\\/wp-content\\\/uploads\\\/2024\\\/11\\\/kaitsekilegamargis.jpg\",\"datePublished\":\"2024-11-29T18:39:29+00:00\",\"dateModified\":\"2024-12-27T16:54:28+00:00\",\"description\":\"Kaitsekile Kolm L\u00f5vi Ohutus\",\"breadcrumb\":{\"@id\":\"https:\\\/\\\/www.klo.ee\\\/?page_id=1962#breadcrumb\"},\"inLanguage\":\"et\",\"potentialAction\":[{\"@type\":\"ReadAction\",\"target\":[\"https:\\\/\\\/www.klo.ee\\\/?page_id=1962\"]}]},{\"@type\":\"ImageObject\",\"inLanguage\":\"et\",\"@id\":\"https:\\\/\\\/www.klo.ee\\\/?page_id=1962#primaryimage\",\"url\":\"https:\\\/\\\/www.klo.ee\\\/wp-content\\\/uploads\\\/2024\\\/11\\\/kaitsekilegamargis.jpg\",\"contentUrl\":\"https:\\\/\\\/www.klo.ee\\\/wp-content\\\/uploads\\\/2024\\\/11\\\/kaitsekilegamargis.jpg\",\"width\":520,\"height\":305},{\"@type\":\"BreadcrumbList\",\"@id\":\"https:\\\/\\\/www.klo.ee\\\/?page_id=1962#breadcrumb\",\"itemListElement\":[{\"@type\":\"ListItem\",\"position\":1,\"name\":\"Home\",\"item\":\"https:\\\/\\\/www.klo.ee\\\/\"},{\"@type\":\"ListItem\",\"position\":2,\"name\":\"Kaitsekile\"}]},{\"@type\":\"WebSite\",\"@id\":\"https:\\\/\\\/www.klo.ee\\\/#website\",\"url\":\"https:\\\/\\\/www.klo.ee\\\/\",\"name\":\"Kolm L\u00f5vi Ohutus\",\"description\":\"Ohutusm\u00e4rkide leht\",\"publisher\":{\"@id\":\"https:\\\/\\\/www.klo.ee\\\/#organization\"},\"potentialAction\":[{\"@type\":\"SearchAction\",\"target\":{\"@type\":\"EntryPoint\",\"urlTemplate\":\"https:\\\/\\\/www.klo.ee\\\/?s={search_term_string}\"},\"query-input\":{\"@type\":\"PropertyValueSpecification\",\"valueRequired\":true,\"valueName\":\"search_term_string\"}}],\"inLanguage\":\"et\"},{\"@type\":\"Organization\",\"@id\":\"https:\\\/\\\/www.klo.ee\\\/#organization\",\"name\":\"Kolm L\u00f5vi Ohutus\",\"url\":\"https:\\\/\\\/www.klo.ee\\\/\",\"logo\":{\"@type\":\"ImageObject\",\"inLanguage\":\"et\",\"@id\":\"https:\\\/\\\/www.klo.ee\\\/#\\\/schema\\\/logo\\\/image\\\/\",\"url\":\"https:\\\/\\\/www.klo.ee\\\/wp-content\\\/uploads\\\/2024\\\/09\\\/ohutusmarkheader.jpg\",\"contentUrl\":\"https:\\\/\\\/www.klo.ee\\\/wp-content\\\/uploads\\\/2024\\\/09\\\/ohutusmarkheader.jpg\",\"width\":863,\"height\":162,\"caption\":\"Kolm L\u00f5vi Ohutus\"},\"image\":{\"@id\":\"https:\\\/\\\/www.klo.ee\\\/#\\\/schema\\\/logo\\\/image\\\/\"},\"sameAs\":[\"https:\\\/\\\/www.facebook.com\\\/kloprof\"]}]}<\/script>\n<!-- \/ Yoast SEO plugin. -->","yoast_head_json":{"title":"Kaitsekile - Kolm L\u00f5vi Ohutus","description":"Kaitsekile Kolm L\u00f5vi Ohutus","robots":{"index":"index","follow":"follow","max-snippet":"max-snippet:-1","max-image-preview":"max-image-preview:large","max-video-preview":"max-video-preview:-1"},"canonical":"https:\/\/www.klo.ee\/?page_id=1962","og_locale":"et_EE","og_type":"article","og_title":"Kaitsekile - Kolm L\u00f5vi Ohutus","og_description":"Kaitsekile Kolm L\u00f5vi Ohutus","og_url":"https:\/\/www.klo.ee\/?page_id=1962","og_site_name":"Kolm L\u00f5vi Ohutus","article_publisher":"https:\/\/www.facebook.com\/kloprof","article_modified_time":"2024-12-27T16:54:28+00:00","og_image":[{"width":520,"height":305,"url":"https:\/\/www.klo.ee\/wp-content\/uploads\/2024\/11\/kaitsekilegamargis.jpg","type":"image\/jpeg"}],"twitter_card":"summary_large_image","twitter_misc":{"Est. reading time":"2 minutit"},"schema":{"@context":"https:\/\/schema.org","@graph":[{"@type":"WebPage","@id":"https:\/\/www.klo.ee\/?page_id=1962","url":"https:\/\/www.klo.ee\/?page_id=1962","name":"Kaitsekile - Kolm L\u00f5vi Ohutus","isPartOf":{"@id":"https:\/\/www.klo.ee\/#website"},"primaryImageOfPage":{"@id":"https:\/\/www.klo.ee\/?page_id=1962#primaryimage"},"image":{"@id":"https:\/\/www.klo.ee\/?page_id=1962#primaryimage"},"thumbnailUrl":"https:\/\/www.klo.ee\/wp-content\/uploads\/2024\/11\/kaitsekilegamargis.jpg","datePublished":"2024-11-29T18:39:29+00:00","dateModified":"2024-12-27T16:54:28+00:00","description":"Kaitsekile Kolm L\u00f5vi Ohutus","breadcrumb":{"@id":"https:\/\/www.klo.ee\/?page_id=1962#breadcrumb"},"inLanguage":"et","potentialAction":[{"@type":"ReadAction","target":["https:\/\/www.klo.ee\/?page_id=1962"]}]},{"@type":"ImageObject","inLanguage":"et","@id":"https:\/\/www.klo.ee\/?page_id=1962#primaryimage","url":"https:\/\/www.klo.ee\/wp-content\/uploads\/2024\/11\/kaitsekilegamargis.jpg","contentUrl":"https:\/\/www.klo.ee\/wp-content\/uploads\/2024\/11\/kaitsekilegamargis.jpg","width":520,"height":305},{"@type":"BreadcrumbList","@id":"https:\/\/www.klo.ee\/?page_id=1962#breadcrumb","itemListElement":[{"@type":"ListItem","position":1,"name":"Home","item":"https:\/\/www.klo.ee\/"},{"@type":"ListItem","position":2,"name":"Kaitsekile"}]},{"@type":"WebSite","@id":"https:\/\/www.klo.ee\/#website","url":"https:\/\/www.klo.ee\/","name":"Kolm L\u00f5vi Ohutus","description":"Ohutusm\u00e4rkide leht","publisher":{"@id":"https:\/\/www.klo.ee\/#organization"},"potentialAction":[{"@type":"SearchAction","target":{"@type":"EntryPoint","urlTemplate":"https:\/\/www.klo.ee\/?s={search_term_string}"},"query-input":{"@type":"PropertyValueSpecification","valueRequired":true,"valueName":"search_term_string"}}],"inLanguage":"et"},{"@type":"Organization","@id":"https:\/\/www.klo.ee\/#organization","name":"Kolm L\u00f5vi Ohutus","url":"https:\/\/www.klo.ee\/","logo":{"@type":"ImageObject","inLanguage":"et","@id":"https:\/\/www.klo.ee\/#\/schema\/logo\/image\/","url":"https:\/\/www.klo.ee\/wp-content\/uploads\/2024\/09\/ohutusmarkheader.jpg","contentUrl":"https:\/\/www.klo.ee\/wp-content\/uploads\/2024\/09\/ohutusmarkheader.jpg","width":863,"height":162,"caption":"Kolm L\u00f5vi Ohutus"},"image":{"@id":"https:\/\/www.klo.ee\/#\/schema\/logo\/image\/"},"sameAs":["https:\/\/www.facebook.com\/kloprof"]}]}},"_links":{"self":[{"href":"https:\/\/www.klo.ee\/index.php?rest_route=\/wp\/v2\/pages\/1962","targetHints":{"allow":["GET"]}}],"collection":[{"href":"https:\/\/www.klo.ee\/index.php?rest_route=\/wp\/v2\/pages"}],"about":[{"href":"https:\/\/www.klo.ee\/index.php?rest_route=\/wp\/v2\/types\/page"}],"author":[{"embeddable":true,"href":"https:\/\/www.klo.ee\/index.php?rest_route=\/wp\/v2\/users\/2"}],"replies":[{"embeddable":true,"href":"https:\/\/www.klo.ee\/index.php?rest_route=%2Fwp%2Fv2%2Fcomments&post=1962"}],"version-history":[{"count":4,"href":"https:\/\/www.klo.ee\/index.php?rest_route=\/wp\/v2\/pages\/1962\/revisions"}],"predecessor-version":[{"id":2734,"href":"https:\/\/www.klo.ee\/index.php?rest_route=\/wp\/v2\/pages\/1962\/revisions\/2734"}],"wp:attachment":[{"href":"https:\/\/www.klo.ee\/index.php?rest_route=%2Fwp%2Fv2%2Fmedia&parent=1962"}],"curies":[{"name":"wp","href":"https:\/\/api.w.org\/{rel}","templated":true}]}}