{"id":818,"date":"2024-11-03T14:06:52","date_gmt":"2024-11-03T14:06:52","guid":{"rendered":"https:\/\/www.klo.ee\/?page_id=818"},"modified":"2024-12-27T12:18:36","modified_gmt":"2024-12-27T12:18:36","slug":"ohtlikkuse-kategooriad","status":"publish","type":"page","link":"https:\/\/www.klo.ee\/?page_id=818","title":{"rendered":"Ohtlikkuse kategooriad"},"content":{"rendered":"<p>Kemikaaliseadus <a href=\"https:\/\/www.riigiteataja.ee\/akt\/110112015002?leiaKehtiv\" target=\"_blank\" rel=\"noopener\">(link riigiteatajasse)<\/a> 1.12.2015 <a href=\"https:\/\/www.riigiteataja.ee\/en\/eli\/ee\/530112015001\/consolide\/current\" target=\"_blank\" rel=\"noopener\">(english)<\/a><br \/>\nCLP m\u00e4\u00e4rus<a href=\"https:\/\/www.ohutusmark.ee\/media\/ohtlikudained\/pdf\/CLP-maarus-2008.pdf\" target=\"_blank\" rel=\"noopener\"><span style=\"background-color: #ffffff;\"> (PDF fail) <\/span><\/a>konsolideeritud tekst <a href=\"https:\/\/www.ohutusmark.ee\/media\/ohtlikudained\/pdf\/CLP-maarus-konsoliteeritud-tekst.pdf\" target=\"_blank\" rel=\"noopener\">(PDF fail)<\/a><\/p>\n<p><strong>CLP m\u00e4rgistamise kleebiseid leiate <a href=\"https:\/\/www.klo.ee\/?page_id=799\" target=\"_blank\" rel=\"noopener\"><span style=\"background-color: #ffffff;\">siit.<\/span><\/a><\/strong> CLP kleebiste koostamise juhend materjal<a href=\"https:\/\/www.ohutusmark.ee\/media\/ohtlikudained\/pdf\/clp_labelling_et.pdf\" target=\"_blank\" rel=\"noopener\"><span style=\"background-color: #ffffff;\"> (PDF fail).<\/span><\/a><\/p>\n<p>CLP kohaste ohu- ja hoiatuslausete koodivahemikud<\/p>\n<p><img loading=\"lazy\" decoding=\"async\" class=\"alignnone wp-image-821\" src=\"https:\/\/www.klo.ee\/wp-content\/uploads\/2024\/11\/hoiatus-ohutlausete-koodivahemikud.jpg\" alt=\"\" width=\"1200\" height=\"449\" srcset=\"https:\/\/www.klo.ee\/wp-content\/uploads\/2024\/11\/hoiatus-ohutlausete-koodivahemikud.jpg 1167w, https:\/\/www.klo.ee\/wp-content\/uploads\/2024\/11\/hoiatus-ohutlausete-koodivahemikud-300x112.jpg 300w, https:\/\/www.klo.ee\/wp-content\/uploads\/2024\/11\/hoiatus-ohutlausete-koodivahemikud-1024x383.jpg 1024w, https:\/\/www.klo.ee\/wp-content\/uploads\/2024\/11\/hoiatus-ohutlausete-koodivahemikud-768x288.jpg 768w\" sizes=\"auto, (max-width: 1200px) 100vw, 1200px\" \/><\/p>\n<p><img loading=\"lazy\" decoding=\"async\" class=\"alignnone wp-image-820\" src=\"https:\/\/www.klo.ee\/wp-content\/uploads\/2024\/11\/clp-disainijuhi1.jpg\" alt=\"\" width=\"993\" height=\"572\" srcset=\"https:\/\/www.klo.ee\/wp-content\/uploads\/2024\/11\/clp-disainijuhi1.jpg 1260w, https:\/\/www.klo.ee\/wp-content\/uploads\/2024\/11\/clp-disainijuhi1-300x173.jpg 300w, https:\/\/www.klo.ee\/wp-content\/uploads\/2024\/11\/clp-disainijuhi1-1024x590.jpg 1024w, https:\/\/www.klo.ee\/wp-content\/uploads\/2024\/11\/clp-disainijuhi1-768x443.jpg 768w\" sizes=\"auto, (max-width: 993px) 100vw, 993px\" \/><\/p>\n<p><img loading=\"lazy\" decoding=\"async\" class=\"alignnone size-full wp-image-819\" src=\"https:\/\/www.klo.ee\/wp-content\/uploads\/2024\/11\/clp-suurusjuhis.jpg\" alt=\"\" width=\"1124\" height=\"406\" srcset=\"https:\/\/www.klo.ee\/wp-content\/uploads\/2024\/11\/clp-suurusjuhis.jpg 1124w, https:\/\/www.klo.ee\/wp-content\/uploads\/2024\/11\/clp-suurusjuhis-300x108.jpg 300w, https:\/\/www.klo.ee\/wp-content\/uploads\/2024\/11\/clp-suurusjuhis-1024x370.jpg 1024w, https:\/\/www.klo.ee\/wp-content\/uploads\/2024\/11\/clp-suurusjuhis-768x277.jpg 768w\" sizes=\"auto, (max-width: 1124px) 100vw, 1124px\" \/><\/p>\n<h3><\/h3>\n<h3><a href=\"https:\/\/www.ti.ee\/sites\/default\/files\/documents\/2022-06\/Ohtlikud%20kemikaalid%20t%C3%B6%C3%B6keskkonnas,%202020%20EST.pdf\" target=\"_blank\" rel=\"noopener\">Ohtlikud kemikaalid t\u00f6\u00f6keskonnas<\/a><\/h3>\n<h3><a href=\"https:\/\/www.ttja.ee\/sites\/default\/files\/documents\/2020-12\/echa_clp_leaflet_et.pdf\" target=\"_blank\" rel=\"noopener\">Kemikaalide klassifitseerimine ja m\u00e4rgistamine<\/a><\/h3>\n","protected":false},"excerpt":{"rendered":"<p>Kemikaaliseadus (link riigiteatajasse) 1.12.2015 (english) CLP m\u00e4\u00e4rus (PDF fail) konsolideeritud tekst (PDF fail) CLP m\u00e4rgistamise kleebiseid leiate siit. CLP kleebiste koostamise juhend materjal (PDF fail). [&#8230;]<\/p>\n","protected":false},"author":2,"featured_media":0,"parent":0,"menu_order":0,"comment_status":"closed","ping_status":"closed","template":"","meta":{"footnotes":""},"class_list":["post-818","page","type-page","status-publish","hentry"],"yoast_head":"<!-- This site is optimized with the Yoast SEO plugin v27.5 - https:\/\/yoast.com\/product\/yoast-seo-wordpress\/ -->\n<title>Ohtlikkuse kategooriad - Kolm L\u00f5vi Ohutus<\/title>\n<meta name=\"description\" content=\"Ohtlikkuse kategooriad Kolm L\u00f5vi Ohutus\" \/>\n<meta name=\"robots\" content=\"index, follow, max-snippet:-1, max-image-preview:large, max-video-preview:-1\" \/>\n<link rel=\"canonical\" href=\"https:\/\/www.klo.ee\/?page_id=818\" \/>\n<meta property=\"og:locale\" content=\"et_EE\" \/>\n<meta property=\"og:type\" content=\"article\" \/>\n<meta property=\"og:title\" content=\"Ohtlikkuse kategooriad - Kolm L\u00f5vi Ohutus\" \/>\n<meta property=\"og:description\" content=\"Ohtlikkuse kategooriad Kolm L\u00f5vi Ohutus\" \/>\n<meta property=\"og:url\" content=\"https:\/\/www.klo.ee\/?page_id=818\" \/>\n<meta property=\"og:site_name\" content=\"Kolm L\u00f5vi Ohutus\" \/>\n<meta property=\"article:publisher\" content=\"https:\/\/www.facebook.com\/kloprof\" \/>\n<meta property=\"article:modified_time\" content=\"2024-12-27T12:18:36+00:00\" \/>\n<meta property=\"og:image\" content=\"https:\/\/www.klo.ee\/wp-content\/uploads\/2024\/11\/hoiatus-ohutlausete-koodivahemikud.jpg\" \/>\n\t<meta property=\"og:image:width\" content=\"1167\" \/>\n\t<meta property=\"og:image:height\" content=\"437\" \/>\n\t<meta property=\"og:image:type\" content=\"image\/jpeg\" \/>\n<meta name=\"twitter:card\" content=\"summary_large_image\" \/>\n<meta name=\"twitter:label1\" content=\"Est. reading time\" \/>\n\t<meta name=\"twitter:data1\" content=\"1 minut\" \/>\n<script type=\"application\/ld+json\" class=\"yoast-schema-graph\">{\"@context\":\"https:\\\/\\\/schema.org\",\"@graph\":[{\"@type\":\"WebPage\",\"@id\":\"https:\\\/\\\/www.klo.ee\\\/?page_id=818\",\"url\":\"https:\\\/\\\/www.klo.ee\\\/?page_id=818\",\"name\":\"Ohtlikkuse kategooriad - Kolm L\u00f5vi Ohutus\",\"isPartOf\":{\"@id\":\"https:\\\/\\\/www.klo.ee\\\/#website\"},\"primaryImageOfPage\":{\"@id\":\"https:\\\/\\\/www.klo.ee\\\/?page_id=818#primaryimage\"},\"image\":{\"@id\":\"https:\\\/\\\/www.klo.ee\\\/?page_id=818#primaryimage\"},\"thumbnailUrl\":\"https:\\\/\\\/www.klo.ee\\\/wp-content\\\/uploads\\\/2024\\\/11\\\/hoiatus-ohutlausete-koodivahemikud.jpg\",\"datePublished\":\"2024-11-03T14:06:52+00:00\",\"dateModified\":\"2024-12-27T12:18:36+00:00\",\"description\":\"Ohtlikkuse kategooriad Kolm L\u00f5vi Ohutus\",\"breadcrumb\":{\"@id\":\"https:\\\/\\\/www.klo.ee\\\/?page_id=818#breadcrumb\"},\"inLanguage\":\"et\",\"potentialAction\":[{\"@type\":\"ReadAction\",\"target\":[\"https:\\\/\\\/www.klo.ee\\\/?page_id=818\"]}]},{\"@type\":\"ImageObject\",\"inLanguage\":\"et\",\"@id\":\"https:\\\/\\\/www.klo.ee\\\/?page_id=818#primaryimage\",\"url\":\"https:\\\/\\\/www.klo.ee\\\/wp-content\\\/uploads\\\/2024\\\/11\\\/hoiatus-ohutlausete-koodivahemikud.jpg\",\"contentUrl\":\"https:\\\/\\\/www.klo.ee\\\/wp-content\\\/uploads\\\/2024\\\/11\\\/hoiatus-ohutlausete-koodivahemikud.jpg\",\"width\":1167,\"height\":437},{\"@type\":\"BreadcrumbList\",\"@id\":\"https:\\\/\\\/www.klo.ee\\\/?page_id=818#breadcrumb\",\"itemListElement\":[{\"@type\":\"ListItem\",\"position\":1,\"name\":\"Home\",\"item\":\"https:\\\/\\\/www.klo.ee\\\/\"},{\"@type\":\"ListItem\",\"position\":2,\"name\":\"Ohtlikkuse kategooriad\"}]},{\"@type\":\"WebSite\",\"@id\":\"https:\\\/\\\/www.klo.ee\\\/#website\",\"url\":\"https:\\\/\\\/www.klo.ee\\\/\",\"name\":\"Kolm L\u00f5vi Ohutus\",\"description\":\"Ohutusm\u00e4rkide leht\",\"publisher\":{\"@id\":\"https:\\\/\\\/www.klo.ee\\\/#organization\"},\"potentialAction\":[{\"@type\":\"SearchAction\",\"target\":{\"@type\":\"EntryPoint\",\"urlTemplate\":\"https:\\\/\\\/www.klo.ee\\\/?s={search_term_string}\"},\"query-input\":{\"@type\":\"PropertyValueSpecification\",\"valueRequired\":true,\"valueName\":\"search_term_string\"}}],\"inLanguage\":\"et\"},{\"@type\":\"Organization\",\"@id\":\"https:\\\/\\\/www.klo.ee\\\/#organization\",\"name\":\"Kolm L\u00f5vi Ohutus\",\"url\":\"https:\\\/\\\/www.klo.ee\\\/\",\"logo\":{\"@type\":\"ImageObject\",\"inLanguage\":\"et\",\"@id\":\"https:\\\/\\\/www.klo.ee\\\/#\\\/schema\\\/logo\\\/image\\\/\",\"url\":\"https:\\\/\\\/www.klo.ee\\\/wp-content\\\/uploads\\\/2024\\\/09\\\/ohutusmarkheader.jpg\",\"contentUrl\":\"https:\\\/\\\/www.klo.ee\\\/wp-content\\\/uploads\\\/2024\\\/09\\\/ohutusmarkheader.jpg\",\"width\":863,\"height\":162,\"caption\":\"Kolm L\u00f5vi Ohutus\"},\"image\":{\"@id\":\"https:\\\/\\\/www.klo.ee\\\/#\\\/schema\\\/logo\\\/image\\\/\"},\"sameAs\":[\"https:\\\/\\\/www.facebook.com\\\/kloprof\"]}]}<\/script>\n<!-- \/ Yoast SEO plugin. -->","yoast_head_json":{"title":"Ohtlikkuse kategooriad - Kolm L\u00f5vi Ohutus","description":"Ohtlikkuse kategooriad Kolm L\u00f5vi Ohutus","robots":{"index":"index","follow":"follow","max-snippet":"max-snippet:-1","max-image-preview":"max-image-preview:large","max-video-preview":"max-video-preview:-1"},"canonical":"https:\/\/www.klo.ee\/?page_id=818","og_locale":"et_EE","og_type":"article","og_title":"Ohtlikkuse kategooriad - Kolm L\u00f5vi Ohutus","og_description":"Ohtlikkuse kategooriad Kolm L\u00f5vi Ohutus","og_url":"https:\/\/www.klo.ee\/?page_id=818","og_site_name":"Kolm L\u00f5vi Ohutus","article_publisher":"https:\/\/www.facebook.com\/kloprof","article_modified_time":"2024-12-27T12:18:36+00:00","og_image":[{"width":1167,"height":437,"url":"https:\/\/www.klo.ee\/wp-content\/uploads\/2024\/11\/hoiatus-ohutlausete-koodivahemikud.jpg","type":"image\/jpeg"}],"twitter_card":"summary_large_image","twitter_misc":{"Est. reading time":"1 minut"},"schema":{"@context":"https:\/\/schema.org","@graph":[{"@type":"WebPage","@id":"https:\/\/www.klo.ee\/?page_id=818","url":"https:\/\/www.klo.ee\/?page_id=818","name":"Ohtlikkuse kategooriad - Kolm L\u00f5vi Ohutus","isPartOf":{"@id":"https:\/\/www.klo.ee\/#website"},"primaryImageOfPage":{"@id":"https:\/\/www.klo.ee\/?page_id=818#primaryimage"},"image":{"@id":"https:\/\/www.klo.ee\/?page_id=818#primaryimage"},"thumbnailUrl":"https:\/\/www.klo.ee\/wp-content\/uploads\/2024\/11\/hoiatus-ohutlausete-koodivahemikud.jpg","datePublished":"2024-11-03T14:06:52+00:00","dateModified":"2024-12-27T12:18:36+00:00","description":"Ohtlikkuse kategooriad Kolm L\u00f5vi Ohutus","breadcrumb":{"@id":"https:\/\/www.klo.ee\/?page_id=818#breadcrumb"},"inLanguage":"et","potentialAction":[{"@type":"ReadAction","target":["https:\/\/www.klo.ee\/?page_id=818"]}]},{"@type":"ImageObject","inLanguage":"et","@id":"https:\/\/www.klo.ee\/?page_id=818#primaryimage","url":"https:\/\/www.klo.ee\/wp-content\/uploads\/2024\/11\/hoiatus-ohutlausete-koodivahemikud.jpg","contentUrl":"https:\/\/www.klo.ee\/wp-content\/uploads\/2024\/11\/hoiatus-ohutlausete-koodivahemikud.jpg","width":1167,"height":437},{"@type":"BreadcrumbList","@id":"https:\/\/www.klo.ee\/?page_id=818#breadcrumb","itemListElement":[{"@type":"ListItem","position":1,"name":"Home","item":"https:\/\/www.klo.ee\/"},{"@type":"ListItem","position":2,"name":"Ohtlikkuse kategooriad"}]},{"@type":"WebSite","@id":"https:\/\/www.klo.ee\/#website","url":"https:\/\/www.klo.ee\/","name":"Kolm L\u00f5vi Ohutus","description":"Ohutusm\u00e4rkide leht","publisher":{"@id":"https:\/\/www.klo.ee\/#organization"},"potentialAction":[{"@type":"SearchAction","target":{"@type":"EntryPoint","urlTemplate":"https:\/\/www.klo.ee\/?s={search_term_string}"},"query-input":{"@type":"PropertyValueSpecification","valueRequired":true,"valueName":"search_term_string"}}],"inLanguage":"et"},{"@type":"Organization","@id":"https:\/\/www.klo.ee\/#organization","name":"Kolm L\u00f5vi Ohutus","url":"https:\/\/www.klo.ee\/","logo":{"@type":"ImageObject","inLanguage":"et","@id":"https:\/\/www.klo.ee\/#\/schema\/logo\/image\/","url":"https:\/\/www.klo.ee\/wp-content\/uploads\/2024\/09\/ohutusmarkheader.jpg","contentUrl":"https:\/\/www.klo.ee\/wp-content\/uploads\/2024\/09\/ohutusmarkheader.jpg","width":863,"height":162,"caption":"Kolm L\u00f5vi Ohutus"},"image":{"@id":"https:\/\/www.klo.ee\/#\/schema\/logo\/image\/"},"sameAs":["https:\/\/www.facebook.com\/kloprof"]}]}},"_links":{"self":[{"href":"https:\/\/www.klo.ee\/index.php?rest_route=\/wp\/v2\/pages\/818","targetHints":{"allow":["GET"]}}],"collection":[{"href":"https:\/\/www.klo.ee\/index.php?rest_route=\/wp\/v2\/pages"}],"about":[{"href":"https:\/\/www.klo.ee\/index.php?rest_route=\/wp\/v2\/types\/page"}],"author":[{"embeddable":true,"href":"https:\/\/www.klo.ee\/index.php?rest_route=\/wp\/v2\/users\/2"}],"replies":[{"embeddable":true,"href":"https:\/\/www.klo.ee\/index.php?rest_route=%2Fwp%2Fv2%2Fcomments&post=818"}],"version-history":[{"count":9,"href":"https:\/\/www.klo.ee\/index.php?rest_route=\/wp\/v2\/pages\/818\/revisions"}],"predecessor-version":[{"id":2673,"href":"https:\/\/www.klo.ee\/index.php?rest_route=\/wp\/v2\/pages\/818\/revisions\/2673"}],"wp:attachment":[{"href":"https:\/\/www.klo.ee\/index.php?rest_route=%2Fwp%2Fv2%2Fmedia&parent=818"}],"curies":[{"name":"wp","href":"https:\/\/api.w.org\/{rel}","templated":true}]}}